{"id":310,"date":"2024-05-31T08:13:45","date_gmt":"2024-05-31T08:13:45","guid":{"rendered":"https:\/\/wennwiewo.ch\/?page_id=310"},"modified":"2024-05-31T08:13:46","modified_gmt":"2024-05-31T08:13:46","slug":"impressum","status":"publish","type":"page","link":"https:\/\/wennwiewo.ch\/index.php\/impressum\/","title":{"rendered":"Impressum"},"content":{"rendered":"\n<h3 class=\"wp-block-heading\" id=\"vertretungsberechtigte-personen\">Vertretungsberechtigte Personen<\/h3>\n\n\n\n<p>Silvan R\u00fctimann, Projektleiter<\/p>\n\n\n\n<p>Bitte verwenden Sie das\u00a0<a href=\"https:\/\/wennwiewo.ch\/index.php\/kontakt\/\">Kontaktformular<\/a>\u00a0f\u00fcr Anfragen aller Art.<\/p>\n\n\n\n<p>Diese Webseite wird ohne kommerzielle Interessen zur Verf\u00fcgung gestellt.<\/p>\n\n\n\n<h3 class=\"wp-block-heading\">Haftungsausschluss<\/h3>\n\n\n\n<p>Der Autor \u00fcbernimmt keinerlei Gew\u00e4hr hinsichtlich der inhaltlichen Richtigkeit, Genauigkeit, Aktualit\u00e4t, Zuverl\u00e4ssigkeit und Vollst\u00e4ndigkeit der Informationen. Haftungsanspr\u00fcche gegen den Autor wegen Sch\u00e4den materieller oder immaterieller Art, welche aus dem Zugriff oder der Nutzung bzw. Nichtnutzung der ver\u00f6ffentlichten Informationen, durch Missbrauch der Verbindung oder durch technische St\u00f6rungen entstanden sind, werden ausgeschlossen. Alle Angebote sind unverbindlich. Der Autor beh\u00e4lt es sich ausdr\u00fccklich vor, Teile der Seiten oder das gesamte Angebot ohne gesonderte Ank\u00fcndigung zu ver\u00e4ndern, zu erg\u00e4nzen, zu l\u00f6schen oder die Ver\u00f6ffentlichung zeitweise oder endg\u00fcltig einzustellen.<\/p>\n\n\n\n<h3 class=\"wp-block-heading\">Haftung f\u00fcr Links<\/h3>\n\n\n\n<p>Verweise und Links auf Webseiten Dritter liegen ausserhalb unseres Verantwortungsbereichs. Es wird jegliche Verantwortung f\u00fcr solche Webseiten abgelehnt. Der Zugriff und die Nutzung solcher Webseiten erfolgen auf eigene Gefahr des Nutzers oder der Nutzerin.<\/p>\n","protected":false},"excerpt":{"rendered":"<p>Vertretungsberechtigte Personen Silvan R\u00fctimann, Projektleiter Bitte verwenden Sie das\u00a0Kontaktformular\u00a0f\u00fcr Anfragen aller Art. Diese Webseite wird ohne kommerzielle Interessen zur Verf\u00fcgung [&hellip;]<\/p>\n","protected":false},"author":4,"featured_media":0,"parent":0,"menu_order":0,"comment_status":"closed","ping_status":"closed","template":"","meta":{"_monsterinsights_skip_tracking":false,"_monsterinsights_sitenote_active":false,"_monsterinsights_sitenote_note":"","_monsterinsights_sitenote_category":0,"site-sidebar-layout":"default","site-content-layout":"","ast-site-content-layout":"default","site-content-style":"default","site-sidebar-style":"default","ast-global-header-display":"","ast-banner-title-visibility":"","ast-main-header-display":"","ast-hfb-above-header-display":"","ast-hfb-below-header-display":"","ast-hfb-mobile-header-display":"","site-post-title":"","ast-breadcrumbs-content":"","ast-featured-img":"","footer-sml-layout":"","ast-disable-related-posts":"","theme-transparent-header-meta":"","adv-header-id-meta":"","stick-header-meta":"","header-above-stick-meta":"","header-main-stick-meta":"","header-below-stick-meta":"","astra-migrate-meta-layouts":"default","ast-page-background-enabled":"default","ast-page-background-meta":{"desktop":{"background-color":"var(--ast-global-color-4)","background-image":"","background-repeat":"repeat","background-position":"center center","background-size":"auto","background-attachment":"scroll","background-type":"","background-media":"","overlay-type":"","overlay-color":"","overlay-opacity":"","overlay-gradient":""},"tablet":{"background-color":"","background-image":"","background-repeat":"repeat","background-position":"center center","background-size":"auto","background-attachment":"scroll","background-type":"","background-media":"","overlay-type":"","overlay-color":"","overlay-opacity":"","overlay-gradient":""},"mobile":{"background-color":"","background-image":"","background-repeat":"repeat","background-position":"center center","background-size":"auto","background-attachment":"scroll","background-type":"","background-media":"","overlay-type":"","overlay-color":"","overlay-opacity":"","overlay-gradient":""}},"ast-content-background-meta":{"desktop":{"background-color":"var(--ast-global-color-5)","background-image":"","background-repeat":"repeat","background-position":"center center","background-size":"auto","background-attachment":"scroll","background-type":"","background-media":"","overlay-type":"","overlay-color":"","overlay-opacity":"","overlay-gradient":""},"tablet":{"background-color":"var(--ast-global-color-5)","background-image":"","background-repeat":"repeat","background-position":"center center","background-size":"auto","background-attachment":"scroll","background-type":"","background-media":"","overlay-type":"","overlay-color":"","overlay-opacity":"","overlay-gradient":""},"mobile":{"background-color":"var(--ast-global-color-5)","background-image":"","background-repeat":"repeat","background-position":"center center","background-size":"auto","background-attachment":"scroll","background-type":"","background-media":"","overlay-type":"","overlay-color":"","overlay-opacity":"","overlay-gradient":""}},"footnotes":""},"class_list":["post-310","page","type-page","status-publish","hentry"],"yoast_head":"<!-- This site is optimized with the Yoast SEO plugin v27.5 - https:\/\/yoast.com\/product\/yoast-seo-wordpress\/ -->\n<title>Impressum - WennWieWo<\/title>\n<meta name=\"robots\" content=\"index, follow, max-snippet:-1, max-image-preview:large, max-video-preview:-1\" \/>\n<link rel=\"canonical\" href=\"https:\/\/wennwiewo.ch\/index.php\/impressum\/\" \/>\n<meta property=\"og:locale\" content=\"de_DE\" \/>\n<meta property=\"og:type\" content=\"article\" \/>\n<meta property=\"og:title\" content=\"Impressum - WennWieWo\" \/>\n<meta property=\"og:description\" content=\"Vertretungsberechtigte Personen Silvan R\u00fctimann, Projektleiter Bitte verwenden Sie das\u00a0Kontaktformular\u00a0f\u00fcr Anfragen aller Art. Diese Webseite wird ohne kommerzielle Interessen zur Verf\u00fcgung [&hellip;]\" \/>\n<meta property=\"og:url\" content=\"https:\/\/wennwiewo.ch\/index.php\/impressum\/\" \/>\n<meta property=\"og:site_name\" content=\"WennWieWo\" \/>\n<meta property=\"article:modified_time\" content=\"2024-05-31T08:13:46+00:00\" \/>\n<meta name=\"twitter:card\" content=\"summary_large_image\" \/>\n<meta name=\"twitter:label1\" content=\"Gesch\u00e4tzte Lesezeit\" \/>\n\t<meta name=\"twitter:data1\" content=\"1\u00a0Minute\" \/>\n<script type=\"application\/ld+json\" class=\"yoast-schema-graph\">{\"@context\":\"https:\\\/\\\/schema.org\",\"@graph\":[{\"@type\":\"WebPage\",\"@id\":\"https:\\\/\\\/wennwiewo.ch\\\/index.php\\\/impressum\\\/\",\"url\":\"https:\\\/\\\/wennwiewo.ch\\\/index.php\\\/impressum\\\/\",\"name\":\"Impressum - WennWieWo\",\"isPartOf\":{\"@id\":\"https:\\\/\\\/wennwiewo.ch\\\/#website\"},\"datePublished\":\"2024-05-31T08:13:45+00:00\",\"dateModified\":\"2024-05-31T08:13:46+00:00\",\"breadcrumb\":{\"@id\":\"https:\\\/\\\/wennwiewo.ch\\\/index.php\\\/impressum\\\/#breadcrumb\"},\"inLanguage\":\"de\",\"potentialAction\":[{\"@type\":\"ReadAction\",\"target\":[\"https:\\\/\\\/wennwiewo.ch\\\/index.php\\\/impressum\\\/\"]}]},{\"@type\":\"BreadcrumbList\",\"@id\":\"https:\\\/\\\/wennwiewo.ch\\\/index.php\\\/impressum\\\/#breadcrumb\",\"itemListElement\":[{\"@type\":\"ListItem\",\"position\":1,\"name\":\"Startseite\",\"item\":\"https:\\\/\\\/wennwiewo.ch\\\/\"},{\"@type\":\"ListItem\",\"position\":2,\"name\":\"Impressum\"}]},{\"@type\":\"WebSite\",\"@id\":\"https:\\\/\\\/wennwiewo.ch\\\/#website\",\"url\":\"https:\\\/\\\/wennwiewo.ch\\\/\",\"name\":\"WennWieWo\",\"description\":\"\",\"publisher\":{\"@id\":\"https:\\\/\\\/wennwiewo.ch\\\/#organization\"},\"potentialAction\":[{\"@type\":\"SearchAction\",\"target\":{\"@type\":\"EntryPoint\",\"urlTemplate\":\"https:\\\/\\\/wennwiewo.ch\\\/?s={search_term_string}\"},\"query-input\":{\"@type\":\"PropertyValueSpecification\",\"valueRequired\":true,\"valueName\":\"search_term_string\"}}],\"inLanguage\":\"de\"},{\"@type\":\"Organization\",\"@id\":\"https:\\\/\\\/wennwiewo.ch\\\/#organization\",\"name\":\"WennWieWo\",\"url\":\"https:\\\/\\\/wennwiewo.ch\\\/\",\"logo\":{\"@type\":\"ImageObject\",\"inLanguage\":\"de\",\"@id\":\"https:\\\/\\\/wennwiewo.ch\\\/#\\\/schema\\\/logo\\\/image\\\/\",\"url\":\"https:\\\/\\\/wennwiewo.ch\\\/wp-content\\\/uploads\\\/2024\\\/06\\\/WennWieWo_Logo_Trim_1.0.png\",\"contentUrl\":\"https:\\\/\\\/wennwiewo.ch\\\/wp-content\\\/uploads\\\/2024\\\/06\\\/WennWieWo_Logo_Trim_1.0.png\",\"width\":1453,\"height\":367,\"caption\":\"WennWieWo\"},\"image\":{\"@id\":\"https:\\\/\\\/wennwiewo.ch\\\/#\\\/schema\\\/logo\\\/image\\\/\"},\"sameAs\":[\"https:\\\/\\\/www.instagram.com\\\/wennwiewo\\\/\"]}]}<\/script>\n<!-- \/ Yoast SEO plugin. -->","yoast_head_json":{"title":"Impressum - WennWieWo","robots":{"index":"index","follow":"follow","max-snippet":"max-snippet:-1","max-image-preview":"max-image-preview:large","max-video-preview":"max-video-preview:-1"},"canonical":"https:\/\/wennwiewo.ch\/index.php\/impressum\/","og_locale":"de_DE","og_type":"article","og_title":"Impressum - WennWieWo","og_description":"Vertretungsberechtigte Personen Silvan R\u00fctimann, Projektleiter Bitte verwenden Sie das\u00a0Kontaktformular\u00a0f\u00fcr Anfragen aller Art. Diese Webseite wird ohne kommerzielle Interessen zur Verf\u00fcgung [&hellip;]","og_url":"https:\/\/wennwiewo.ch\/index.php\/impressum\/","og_site_name":"WennWieWo","article_modified_time":"2024-05-31T08:13:46+00:00","twitter_card":"summary_large_image","twitter_misc":{"Gesch\u00e4tzte Lesezeit":"1\u00a0Minute"},"schema":{"@context":"https:\/\/schema.org","@graph":[{"@type":"WebPage","@id":"https:\/\/wennwiewo.ch\/index.php\/impressum\/","url":"https:\/\/wennwiewo.ch\/index.php\/impressum\/","name":"Impressum - WennWieWo","isPartOf":{"@id":"https:\/\/wennwiewo.ch\/#website"},"datePublished":"2024-05-31T08:13:45+00:00","dateModified":"2024-05-31T08:13:46+00:00","breadcrumb":{"@id":"https:\/\/wennwiewo.ch\/index.php\/impressum\/#breadcrumb"},"inLanguage":"de","potentialAction":[{"@type":"ReadAction","target":["https:\/\/wennwiewo.ch\/index.php\/impressum\/"]}]},{"@type":"BreadcrumbList","@id":"https:\/\/wennwiewo.ch\/index.php\/impressum\/#breadcrumb","itemListElement":[{"@type":"ListItem","position":1,"name":"Startseite","item":"https:\/\/wennwiewo.ch\/"},{"@type":"ListItem","position":2,"name":"Impressum"}]},{"@type":"WebSite","@id":"https:\/\/wennwiewo.ch\/#website","url":"https:\/\/wennwiewo.ch\/","name":"WennWieWo","description":"","publisher":{"@id":"https:\/\/wennwiewo.ch\/#organization"},"potentialAction":[{"@type":"SearchAction","target":{"@type":"EntryPoint","urlTemplate":"https:\/\/wennwiewo.ch\/?s={search_term_string}"},"query-input":{"@type":"PropertyValueSpecification","valueRequired":true,"valueName":"search_term_string"}}],"inLanguage":"de"},{"@type":"Organization","@id":"https:\/\/wennwiewo.ch\/#organization","name":"WennWieWo","url":"https:\/\/wennwiewo.ch\/","logo":{"@type":"ImageObject","inLanguage":"de","@id":"https:\/\/wennwiewo.ch\/#\/schema\/logo\/image\/","url":"https:\/\/wennwiewo.ch\/wp-content\/uploads\/2024\/06\/WennWieWo_Logo_Trim_1.0.png","contentUrl":"https:\/\/wennwiewo.ch\/wp-content\/uploads\/2024\/06\/WennWieWo_Logo_Trim_1.0.png","width":1453,"height":367,"caption":"WennWieWo"},"image":{"@id":"https:\/\/wennwiewo.ch\/#\/schema\/logo\/image\/"},"sameAs":["https:\/\/www.instagram.com\/wennwiewo\/"]}]}},"_links":{"self":[{"href":"https:\/\/wennwiewo.ch\/index.php\/wp-json\/wp\/v2\/pages\/310","targetHints":{"allow":["GET"]}}],"collection":[{"href":"https:\/\/wennwiewo.ch\/index.php\/wp-json\/wp\/v2\/pages"}],"about":[{"href":"https:\/\/wennwiewo.ch\/index.php\/wp-json\/wp\/v2\/types\/page"}],"author":[{"embeddable":true,"href":"https:\/\/wennwiewo.ch\/index.php\/wp-json\/wp\/v2\/users\/4"}],"replies":[{"embeddable":true,"href":"https:\/\/wennwiewo.ch\/index.php\/wp-json\/wp\/v2\/comments?post=310"}],"version-history":[{"count":1,"href":"https:\/\/wennwiewo.ch\/index.php\/wp-json\/wp\/v2\/pages\/310\/revisions"}],"predecessor-version":[{"id":311,"href":"https:\/\/wennwiewo.ch\/index.php\/wp-json\/wp\/v2\/pages\/310\/revisions\/311"}],"wp:attachment":[{"href":"https:\/\/wennwiewo.ch\/index.php\/wp-json\/wp\/v2\/media?parent=310"}],"curies":[{"name":"wp","href":"https:\/\/api.w.org\/{rel}","templated":true}]}}

<h3 class="wp-block-heading" id="vertretungsberechtigte-personen">Vertretungsberechtigte Personen</h3>



<p>Silvan Rütimann, Projektleiter</p>



<p>Bitte verwenden Sie das <a href="https://wennwiewo.ch/index.php/kontakt/">Kontaktformular</a> für Anfragen aller Art.</p>



<p>Diese Webseite wird ohne kommerzielle Interessen zur Verfügung gestellt.</p>



<h3 class="wp-block-heading">Haftungsausschluss</h3>



<p>Der Autor übernimmt keinerlei Gewähr hinsichtlich der inhaltlichen Richtigkeit, Genauigkeit, Aktualität, Zuverlässigkeit und Vollständigkeit der Informationen. Haftungsansprüche gegen den Autor wegen Schäden materieller oder immaterieller Art, welche aus dem Zugriff oder der Nutzung bzw. Nichtnutzung der veröffentlichten Informationen, durch Missbrauch der Verbindung oder durch technische Störungen entstanden sind, werden ausgeschlossen. Alle Angebote sind unverbindlich. Der Autor behält es sich ausdrücklich vor, Teile der Seiten oder das gesamte Angebot ohne gesonderte Ankündigung zu verändern, zu ergänzen, zu löschen oder die Veröffentlichung zeitweise oder endgültig einzustellen.</p>



<h3 class="wp-block-heading">Haftung für Links</h3>



<p>Verweise und Links auf Webseiten Dritter liegen ausserhalb unseres Verantwortungsbereichs. Es wird jegliche Verantwortung für solche Webseiten abgelehnt. Der Zugriff und die Nutzung solcher Webseiten erfolgen auf eigene Gefahr des Nutzers oder der Nutzerin.</p>

<p>Vertretungsberechtigte Personen Silvan Rütimann, Projektleiter Bitte verwenden Sie das Kontaktformular für Anfragen aller Art. Diese Webseite wird ohne kommerzielle Interessen zur Verfügung [&hellip;]</p>

<!-- This site is optimized with the Yoast SEO plugin v27.5 - https://yoast.com/product/yoast-seo-wordpress/ -->
<title>Impressum - WennWieWo</title>
<meta name="robots" content="index, follow, max-snippet:-1, max-image-preview:large, max-video-preview:-1" />
<link rel="canonical" href="https://wennwiewo.ch/index.php/impressum/" />
<meta property="og:locale" content="de_DE" />
<meta property="og:type" content="article" />
<meta property="og:title" content="Impressum - WennWieWo" />
<meta property="og:description" content="Vertretungsberechtigte Personen Silvan Rütimann, Projektleiter Bitte verwenden Sie das Kontaktformular für Anfragen aller Art. Diese Webseite wird ohne kommerzielle Interessen zur Verfügung [&hellip;]" />
<meta property="og:url" content="https://wennwiewo.ch/index.php/impressum/" />
<meta property="og:site_name" content="WennWieWo" />
<meta property="article:modified_time" content="2024-05-31T08:13:46+00:00" />
<meta name="twitter:card" content="summary_large_image" />
<meta name="twitter:label1" content="Geschätzte Lesezeit" />
	<meta name="twitter:data1" content="1 Minute" />
<script type="application/ld+json" class="yoast-schema-graph">{"@context":"https:\/\/schema.org","@graph":[{"@type":"WebPage","@id":"https:\/\/wennwiewo.ch\/index.php\/impressum\/","url":"https:\/\/wennwiewo.ch\/index.php\/impressum\/","name":"Impressum - WennWieWo","isPartOf":{"@id":"https:\/\/wennwiewo.ch\/#website"},"datePublished":"2024-05-31T08:13:45+00:00","dateModified":"2024-05-31T08:13:46+00:00","breadcrumb":{"@id":"https:\/\/wennwiewo.ch\/index.php\/impressum\/#breadcrumb"},"inLanguage":"de","potentialAction":[{"@type":"ReadAction","target":["https:\/\/wennwiewo.ch\/index.php\/impressum\/"]}]},{"@type":"BreadcrumbList","@id":"https:\/\/wennwiewo.ch\/index.php\/impressum\/#breadcrumb","itemListElement":[{"@type":"ListItem","position":1,"name":"Startseite","item":"https:\/\/wennwiewo.ch\/"},{"@type":"ListItem","position":2,"name":"Impressum"}]},{"@type":"WebSite","@id":"https:\/\/wennwiewo.ch\/#website","url":"https:\/\/wennwiewo.ch\/","name":"WennWieWo","description":"","publisher":{"@id":"https:\/\/wennwiewo.ch\/#organization"},"potentialAction":[{"@type":"SearchAction","target":{"@type":"EntryPoint","urlTemplate":"https:\/\/wennwiewo.ch\/?s={search_term_string}"},"query-input":{"@type":"PropertyValueSpecification","valueRequired":true,"valueName":"search_term_string"}}],"inLanguage":"de"},{"@type":"Organization","@id":"https:\/\/wennwiewo.ch\/#organization","name":"WennWieWo","url":"https:\/\/wennwiewo.ch\/","logo":{"@type":"ImageObject","inLanguage":"de","@id":"https:\/\/wennwiewo.ch\/#\/schema\/logo\/image\/","url":"https:\/\/wennwiewo.ch\/wp-content\/uploads\/2024\/06\/WennWieWo_Logo_Trim_1.0.png","contentUrl":"https:\/\/wennwiewo.ch\/wp-content\/uploads\/2024\/06\/WennWieWo_Logo_Trim_1.0.png","width":1453,"height":367,"caption":"WennWieWo"},"image":{"@id":"https:\/\/wennwiewo.ch\/#\/schema\/logo\/image\/"},"sameAs":["https:\/\/www.instagram.com\/wennwiewo\/"]}]}</script>
<!-- / Yoast SEO plugin. -->

Vertretungsberechtigte Personen Silvan Rütimann, Projektleiter Bitte verwenden Sie das Kontaktformular für Anfragen aller Art. Diese Webseite wird ohne kommerzielle Interessen zur Verfügung [&hellip;]
